{"id":317,"date":"2019-01-07T09:51:53","date_gmt":"2019-01-07T08:51:53","guid":{"rendered":"http:\/\/gallzeiner-rodel.at\/tirol\/?page_id=317"},"modified":"2026-04-07T09:09:06","modified_gmt":"2026-04-07T07:09:06","slug":"home","status":"publish","type":"page","link":"https:\/\/gallzeiner-rodel.at\/tirol\/","title":{"rendered":"Home"},"content":{"rendered":"<p>[vc_row][vc_column][\/vc_column][\/vc_row][vc_row][vc_column]<div class=\"section_header tblock-box text-center  \"><h1 class=\"tblock \" style=\"color:#5e4a3c !important;\">Willkommen bei der Fam. Lederwasch ...<\/h1><\/div>[vc_empty_space height=&#8220;50px&#8220;][\/vc_column][\/vc_row][vc_row gap=&#8220;25&#8243;][vc_column width=&#8220;1\/2&#8243;][vc_column_text]<\/p>\n<h3>&#8230; und ihren Gallzeiner Rodeln.<\/h3>\n<p>Die Begeisterung zum Rodeln f\u00fchrte <strong>Josef Brunner sen. vor ca. 45 Jahren<\/strong> zum Rodelbau. Bald schon galt Josef Brunner sen. als gef\u00fcrchteter Preistr\u00e4ger. Der Anfang der tollen und erfolgreichen <strong>Gallzeiner Rodelerfolge<\/strong> hat begonnen.<\/p>\n<p>Im Laufe der Zeit entwickelte sich <strong>das anf\u00e4ngliche Hobby zum Gewerbe.<\/strong> Mit <strong>Mut, Krativit\u00e4t, Entschlossenheit<\/strong> und <strong>viel Flei\u00df<\/strong>, wuchs das Vertrauen auf die <strong>Gallzeiner Rodeln.<\/strong><\/p>\n<p>Den jetzigen Betrieb f\u00fchren <strong>Bernhard und Helga Lederwasch mit Sohn Philipp<\/strong>. Die gro\u00dfe Zufriedenheit im Freizeitrodeln und die tollen Erfolge im Sportrodeln sind f\u00fcr uns Motivation und Freude, auch in Zukunft handwerkliche Kunst im Rodelbau anzuwenden.<\/p>\n<p>Mit eigenen Innovationen und Anregungen unserer Rodelfreunde freuen wir uns auf eine ideenreiche Rodelzukunft.[\/vc_column_text][vc_column_text]<span class=\"feature-desc\" style=\"color: #5e4a3c;\"><em>Wir freuen uns, dass Sie bei uns sind und begr\u00fc\u00dfen alle Freunde des Rodelsport&#8217;s recht herzlich.<\/em><\/span><\/p>\n<p><span style=\"color: #5e4a3c;\"><strong><em>Familie Helga &amp; Bernhard Lederwasch mit Sohn Philipp.<\/em><\/strong><\/span>[\/vc_column_text][\/vc_column][vc_column width=&#8220;1\/2&#8243;][vc_single_image image=&#8220;360&#8243; img_size=&#8220;full&#8220; alignment=&#8220;center&#8220; onclick=&#8220;link_image&#8220;][vc_column_text]<em>( v. l. n. r.) Sohn Philipp mit Helga und Bernhard Lederwasch<\/em>[\/vc_column_text][\/vc_column][\/vc_row]<\/p>\n","protected":false},"excerpt":{"rendered":"<p>[vc_row][vc_column][\/vc_column][\/vc_row][vc_row][vc_column][vc_empty_space height=&#8220;50px&#8220;][\/vc_column][\/vc_row][vc_row gap=&#8220;25&#8243;][vc_column width=&#8220;1\/2&#8243;][vc_column_text] &#8230; und ihren Gallzeiner Rodeln. Die Begeisterung zum Rodeln f\u00fchrte Josef Brunner sen. vor ca. 45 Jahren zum Rodelbau. Bald schon galt Josef Brunner sen. als gef\u00fcrchteter Preistr\u00e4ger. Der Anfang der tollen und erfolgreichen Gallzeiner Rodelerfolge hat begonnen. Im Laufe der Zeit entwickelte sich das anf\u00e4ngliche Hobby zum Gewerbe. Mit Mut, [&hellip;]<\/p>\n","protected":false},"author":1,"featured_media":0,"parent":0,"menu_order":0,"comment_status":"closed","ping_status":"closed","template":"","meta":{"footnotes":""},"class_list":["post-317","page","type-page","status-publish","hentry"],"_links":{"self":[{"href":"https:\/\/gallzeiner-rodel.at\/tirol\/wp-json\/wp\/v2\/pages\/317","targetHints":{"allow":["GET"]}}],"collection":[{"href":"https:\/\/gallzeiner-rodel.at\/tirol\/wp-json\/wp\/v2\/pages"}],"about":[{"href":"https:\/\/gallzeiner-rodel.at\/tirol\/wp-json\/wp\/v2\/types\/page"}],"author":[{"embeddable":true,"href":"https:\/\/gallzeiner-rodel.at\/tirol\/wp-json\/wp\/v2\/users\/1"}],"replies":[{"embeddable":true,"href":"https:\/\/gallzeiner-rodel.at\/tirol\/wp-json\/wp\/v2\/comments?post=317"}],"version-history":[{"count":10,"href":"https:\/\/gallzeiner-rodel.at\/tirol\/wp-json\/wp\/v2\/pages\/317\/revisions"}],"predecessor-version":[{"id":1521,"href":"https:\/\/gallzeiner-rodel.at\/tirol\/wp-json\/wp\/v2\/pages\/317\/revisions\/1521"}],"wp:attachment":[{"href":"https:\/\/gallzeiner-rodel.at\/tirol\/wp-json\/wp\/v2\/media?parent=317"}],"curies":[{"name":"wp","href":"https:\/\/api.w.org\/{rel}","templated":true}]}}